et p = -19 - -19. Suppose -94*s + 95*s - 5 = p. Suppose -5*r = -2*o - 90 - 1, -o - 88 = -s*r. Calculate the greatest common factor of r and 85.
17
Let p be (-6 - 55/(-10))*-4*1. Suppose 0 = -p*h - 3*q + 28, -4*h - 2*q = 3*q - 54. What is the highest common factor of h and 990?
11
Let w be (-523)/5 - (-38)/(-95). Let o = 114 + w. Suppose 9 = c + 3. What is the highest common divisor of c and o?
3
Let k be -1 + 0 + (-32 - -4)/(-4). Suppose 8*s - k*s = 40. Calculate the greatest common factor of 160 and s.
20
Let k be (-48)/32*4 + (-3 - -763). Calculate the greatest common factor of k and 290.
58
Let h(u) = u**2 + 18*u + 21. Let z be h(-13). Let r = -6 - z. Calculate the greatest common divisor of 152 and r.
38
Let f(t) = t**3 - 2*t**2 - t - 3. Let y be f(3). Let w be (-5)/1*(-3)/y. Let b = 101 + -81. Calculate the greatest common factor of b and w.
5
Suppose 0 = -56*q - 3463 + 11303. What is the highest common factor of q and 180?
20
Let u(b) = -3*b**2 - 45*b + 9. Let c be u(-15). Let q(f) = 25*f - 149. Let w be q(c). What is the greatest common divisor of 95 and w?
19
Suppose 0 = -4*a - 4*d + 12 + 120, 87 = 2*a - 5*d. Let x be 2/(-4) - ((-99)/22 + -2). Let s be x*(-2)/(-4) - -1. What is the highest common divisor of s and a?
4
Let l = -3 - -5. Suppose 2139*n - 2219*n + 2720 = 0. What is the highest common factor of l and n?
2
Suppose -8123 = -28*x - 1571. Suppose -j - 26 = -2*j. Calculate the greatest common divisor of x and j.
26
Suppose 0 = -6*j + 5*j - 4*l + 15, 38 = 4*j + 5*l. Suppose 2*m - 4*o - 106 = 0, 300 = 5*m + 147*o - 150*o. What is the greatest common divisor of m and j?
7
Let b be (168/60)/((4/(-28))/((-10)/7)). What is the greatest common divisor of b and 931?
7
Let h be 8/((108 + -112)*(-1)/(-4)*-1). What is the greatest common factor of h and 652?
4
Suppose 0 = -2*f + f - q + 3, 3 = 5*f + q. Suppose f = -7*t + 8*t - 26. What is the greatest common divisor of t and 13?
13
Let h = 318 - 324. Let d(i) = -3*i**3 + 4*i**2 + 3*i - 15. Let p be d(h). Calculate the greatest common divisor of 69 and p.
69
Let c(u) = 37*u**3 + u**2 - 4*u + 2. Let a(g) = 10*g + 31. Let q be a(-3). Let j be c(q). What is the highest common divisor of j and 8?
4
Suppose -2*h - 10404 = -4*h. Suppose -9*f + 26*f = h. What is the greatest common divisor of 34 and f?
34
Let i = -2809 - -3590. What is the highest common divisor of i and 22?
11
Let i(x) = 1074*x - 5262. Let q be i(12). What is the greatest common factor of q and 186?
186
Let x = 134 - 118. Let t be 6*(36/x)/(1/2). What is the greatest common divisor of t and 216?
27
Let g be (17/3*7)/(((-98)/84)/(-7)). Calculate the greatest common divisor of 175 and g.
7
Suppose 15 + 117 = 12*k. Let q be 1*(3 + -2 + -37). Let b = q - -37. What is the greatest common divisor of k and b?
1
Let r(w) = 30*w - 18. Let k = -24 + 36. Let x be r(k). Let s be 19/(4/32*4). Calculate the greatest common factor of s and x.
38
Let c = 56 + -28. Let x(s) = 430*s - 3. Let n be x(-1). Let o = n + 741. Calculate the highest common factor of c and o.
28
Let b(p) = -1714*p + 15470. Let g be b(9). Let i be 246/21 - (-2)/7. Calculate the greatest common divisor of i and g.
4
Suppose -2*q - 4*o - 44 = 0, -3*q - 24 = -5*o + 31. Let y be (-15)/q - 232/(-32). Calculate the highest common divisor of 22 and y.
2
Suppose -22 + 16 = -u + r, -3*u = 2*r - 28. Suppose 0 = 4*t - 5*z - 275, 4*z - 77 = -t + u*z. Calculate the greatest common factor of t and 195.
65
Suppose 5*b - 189 = 581. Let c be b/19 - (-10)/(-95). Let z be 2/c*(-12)/(-3). What is the highest common factor of z and 9?
1
Let v = -8187 - -11987. Calculate the highest common factor of 12 and v.
4
Suppose 4*m - 18 = -2*i, -4*m - i = -5*m - 3. Suppose 4*v + 31 = z, -v = m*z - 2*v - 97. Calculate the highest common factor of z and 136.
17
Let c be 6*(-1155)/(-70)*44/9. Calculate the highest common divisor of c and 4477.
121
Let b be (4 - (3 - 5)) + 3. Let o = -38058 - -38499. Calculate the greatest common factor of o and b.
9
Let g(a) = -6*a + 4. Let w be g(-4). Suppose w = 2*d + 3*c, -2*d + 5*d = c + 20. Suppose -4*h = -d*h + 52. What is the greatest common factor of h and 13?
13
Let p be 1900/(-10)*(-3 - 25/10). What is the greatest common divisor of p and 3895?
95
Let s be (11/22)/(100/696760) - (-4)/(-5). Calculate the greatest common factor of s and 1419.
129
Suppose k + 0 + 1 = 4*v, -2*k = 3*v - 9. Suppose k*t = -t + 540. Suppose -h + 4*h = t. Calculate the highest common divisor of 15 and h.
15
Let n be ((-13)/(-2))/(-90 - -89)*6/(-1). Calculate the greatest common divisor of n and 14469.
39
Suppose -19956 - 69 = -15*f. What is the greatest common divisor of 15 and f?
15
Let c(r) = -99*r + 29. Let x be c(-4). Let f = x + -407. What is the greatest common factor of f and 666?
18
Suppose f = -2*q - 229, -4*q - f = -3*f + 438. Let u = q + 312. Let n = u + -95. What is the highest common divisor of 15 and n?
15
Let w = -489 + 1063. Let r be w/70 + (-2)/10. Suppose -2*s + 7*t = 4*t - 16, -s - t = 2. What is the greatest common divisor of r and s?
2
Let d be (-14)/7*-5*2/4. Suppose 4 = v - 3*v, b - d*v = 274. Let t = -96 + b. What is the highest common divisor of 42 and t?
42
Let a be 4 + (-20)/5 + -26. Let o = a - -31. Suppose -o*k + 12 + 3 = 0. What is the greatest common factor of 9 and k?
3
Let m = -2789 + 4294. Calculate the highest common factor of m and 70.
35
Suppose 25 = 2*d + 21. Suppose o = 2*u - 4*u - d, -3*o = 12. What is the greatest common divisor of u and 7?
1
Suppose -107*v + 1780 + 1791 = -2314. What is the greatest common factor of 125 and v?
5
Let j(x) = -x**3 - 7*x**2 + 9*x + 11. Let y be j(-8). Suppose -2*u + y*u - 1 = 0. Suppose -2*d + 41 = u. What is the greatest common factor of 10 and d?
10
Suppose 6*h - 5*h - 9 = 0. Suppose 51*l - 47*l - 14 + 6 = 0. What is the greatest common factor of l and h?
1
Suppose -5*k = -4*k - 224. Let m = 283 + -431. Let z = 180 + m. What is the greatest common divisor of k and z?
32
Suppose -242*x - 4*u - 36 = -244*x, -3*x - 5*u = -32. Calculate the greatest common factor of 707 and x.
7
Suppose 461 = 4*n - 331. What is the highest common factor of n and 2?
2
Suppose 0*t - 4*t + 2*v + 2 = 0, 0 = -3*t - 4*v - 4. Let c be 136 - ((-1 - t) + 0 + 1). What is the greatest common divisor of 17 and c?
17
Let t = -1442 - 34. Let u = -970 - t. Calculate the greatest common divisor of 22 and u.
22
Let z(a) = 3*a - 3*a - 6 + 8*a - 4. Let v be z(3). Let y be (-30 + 22)*1/(-4). Calculate the greatest common divisor of v and y.
2
Let h(c) = -4*c**3 + 63*c**2 + 22*c - 26. Let i be h(16). Calculate the greatest common factor of 890 and i.
10
Let t(j) = -j**3 + 3*j. Let p be t(-3). Let v(k) = 13*k + 5. Let m be v(1). Calculate the highest common divisor of m and p.
18
Let u = 774 - 286. Calculate the highest common factor of 8 and u.
8
Suppose 9*l = 13*l - 100. Let r(i) = -50*i. Let a be r(-1). Calculate the greatest common divisor of a and l.
25
Let w = 12839 + -3172. What is the greatest common divisor of w and 14?
7
Suppose s - 2 = -0. Suppose 6*r + s*r = -32. Let u be (r/1)/(12/(-156)). What is the highest common factor of u and 13?
13
Suppose -24 = -l + 131. Suppose -47 + 77 = 6*u. Suppose f + 2*r = 36, 6*f = f - u*r + l. Calculate the highest common divisor of f and 104.
26
Suppose -5*t - 25 = 0, 2*y = 7*y + t - 115. Let n be (-8 + (-14)/7*-10)*1. Calculate the highest common factor of n and y.
12
Let p = 3941 - 3897. What is the greatest common factor of p and 1166?
22
Let y = -25 + 27. Suppose 0 = -j + y*v + 11, j + v - 4 = 7. Suppose -13*o = -119 - j. What is the greatest common divisor of 15 and o?
5
Suppose -177*f + 143*f = -18802. Calculate the highest common factor of f and 7.
7
Let d = 23 + 18. Let b = -31 + d. Let q(u) = -16*u - 30. Let r be q(-5). What is the highest common factor of r and b?
10
Let v(z) = -11*z**2 - 4*z - 5. Let h be v(-2). Let g = 47 + h. Suppose r + 15 = 3*j - 5, 2*r + 4 = 0. Calculate the highest common factor of j and g.
6
Let f(p) = p**2 + p. Let o be f(1). Let w be o + (-3 - -2)/(-1). Let b be -4 + 24 - 3/(-6)*2. Calculate the greatest common divisor of b and w.
3
Let m be (-16 + 6)/(1 + -2 + -1). Let u be -1*-2*m/2. Suppose u*f - 2*f = 72. What is the greatest common factor of 216 and f?
24
Suppose -9